{"id":27,"date":"2020-07-22T14:24:52","date_gmt":"2020-07-22T14:24:52","guid":{"rendered":"http:\/\/anbyn.com.ar\/spa\/?page_id=27"},"modified":"2020-07-22T20:43:37","modified_gmt":"2020-07-22T20:43:37","slug":"servicios","status":"publish","type":"page","link":"http:\/\/anbyn.com.ar\/spa\/?page_id=27","title":{"rendered":"Servicios"},"content":{"rendered":"<div class=\"row\">\n<div class=\"span12\">\n<div class=\"how-we-can-help-wrap\">\n<figure class=\"thumbnail alignnone clearfix\">\n<div class=\"row-fluid\">\n<div class=\"clear\"><\/div>\n<p style=\"margin: 11px\"><span style=\"font-size: 11pt; color:#000000\"><img decoding=\"async\" class=\"alignleft\" src=\"http:\/\/anbyn.com.ar\/spa\/wp-content\/uploads\/2020\/07\/foto003.jpg\"><\/span><\/p>\n<p style=\"margin: 11px\"><span style=\"font-size: 11pt; color:#000000\"><strong>CORTE Y PULIDO:<\/strong><br \/>\n<span style=\"font-size: 16px;\">Corte de sierra (cualquier espesor, medida y forma) y corte l\u00e1ser (hasta 10mm). Pulido de m\u00e1quina.<\/span><\/span><\/p>\n<p style=\"margin: 11px\"><span style=\"font-size: 11pt; color:#000000\">&nbsp;<\/span><\/p>\n<p style=\"margin: 11px\"><span style=\"font-size: 11pt; color:#000000\"><strong>PIEZAS ESPECIALES:<\/strong><br \/>\nRealizamos cualquier pieza de acr\u00edlico sobre plano. Ya sea pegada, plegada, calada y\/o moldeada. Portafolletos, portamen\u00faes, exhibidores, cajas, muebles, c\u00fapulas, etc.<\/span><\/p>\n<p style=\"margin: 11px\"><span style=\"font-size: 11pt; color:#000000\">&nbsp;<\/span><\/p>\n<p style=\"margin: 11px\"><span style=\"font-size: 11pt; color:#000000\"> <strong>TERMOFORMADO:<\/strong><br \/>\nLe damos al acr\u00edlico la forma que usted necesite: desde plegados hasta semiesferas y medias ca\u00f1as.<\/span><\/p>\n<p style=\"margin: 11px\"><span style=\"font-size: 11pt; color:#000000\">&nbsp;<\/span><\/p>\n<p style=\"margin: 11px\"><span style=\"font-size: 11pt; color:#000000\"><strong>CARTELER\u00cdA Y SE\u00d1AL\u00c9TICA:<\/strong><br \/>\nLetras corp\u00f3reas, routeados, grabados y gr\u00e1fica autoadhesiva sobre acr\u00edlico, PVC espumado, Alto Impacto y Policarbonato.<\/span><\/p>\n<p style=\"margin: 11px\"><span style=\"font-size: 11pt; color:#000000\">&nbsp;<\/span><\/p>\n<p style=\"margin: 11px\" align=\"center\"><span style=\"font-size: 11pt; color:#000000\"><strong>ASESORAMIENTOS.<\/strong><\/span><\/p>\n<p style=\"margin: 11px\" align=\"center\"><span style=\"font-size: 11pt; color:#000000\"><strong>ENTREGA EN CAPITAL Y GRAN BUENOS AIRES.<\/strong><\/span><\/p>\n<p style=\"margin: 11px\"><span style=\"font-size: 11pt; color:#000000\">&nbsp;<\/span><\/p>\n<\/div>\n<\/figure>\n<\/div>\n<\/div>\n<\/div>\n","protected":false},"excerpt":{"rendered":"<p>CORTE Y PULIDO: Corte de sierra (cualquier espesor, medida y forma) y corte l\u00e1ser (hasta 10mm). Pulido de m\u00e1quina. &nbsp; PIEZAS ESPECIALES: Realizamos cualquier pieza de acr\u00edlico sobre plano. Ya sea pegada, plegada, calada y\/o moldeada. Portafolletos, portamen\u00faes, exhibidores, cajas, muebles, c\u00fapulas, etc. &nbsp; TERMOFORMADO: Le damos al acr\u00edlico la forma que usted necesite: desde plegados hasta semiesferas y medias&nbsp;<a href=\"http:\/\/anbyn.com.ar\/spa\/?page_id=27\" class=\"read-more\">Seguir leyendo<\/a><\/p>\n","protected":false},"author":2,"featured_media":0,"parent":0,"menu_order":0,"comment_status":"closed","ping_status":"closed","template":"page-fullwidth.php","meta":{"footnotes":""},"class_list":["post-27","page","type-page","status-publish","hentry"],"_links":{"self":[{"href":"http:\/\/anbyn.com.ar\/spa\/index.php?rest_route=\/wp\/v2\/pages\/27","targetHints":{"allow":["GET"]}}],"collection":[{"href":"http:\/\/anbyn.com.ar\/spa\/index.php?rest_route=\/wp\/v2\/pages"}],"about":[{"href":"http:\/\/anbyn.com.ar\/spa\/index.php?rest_route=\/wp\/v2\/types\/page"}],"author":[{"embeddable":true,"href":"http:\/\/anbyn.com.ar\/spa\/index.php?rest_route=\/wp\/v2\/users\/2"}],"replies":[{"embeddable":true,"href":"http:\/\/anbyn.com.ar\/spa\/index.php?rest_route=%2Fwp%2Fv2%2Fcomments&post=27"}],"version-history":[{"count":3,"href":"http:\/\/anbyn.com.ar\/spa\/index.php?rest_route=\/wp\/v2\/pages\/27\/revisions"}],"predecessor-version":[{"id":73,"href":"http:\/\/anbyn.com.ar\/spa\/index.php?rest_route=\/wp\/v2\/pages\/27\/revisions\/73"}],"wp:attachment":[{"href":"http:\/\/anbyn.com.ar\/spa\/index.php?rest_route=%2Fwp%2Fv2%2Fmedia&parent=27"}],"curies":[{"name":"wp","href":"https:\/\/api.w.org\/{rel}","templated":true}]}}