{"id":9,"date":"2020-07-22T13:39:04","date_gmt":"2020-07-22T13:39:04","guid":{"rendered":"http:\/\/anbyn.com.ar\/spa\/?page_id=9"},"modified":"2020-07-22T14:51:34","modified_gmt":"2020-07-22T14:51:34","slug":"anbyn","status":"publish","type":"page","link":"http:\/\/anbyn.com.ar\/spa\/","title":{"rendered":"Anbyn"},"content":{"rendered":"<div class=\"row\">\n<div class=\"span12\">\n<div class=\"how-we-can-help-wrap\">\n<h1><span style=\"font-size: 13pt; color:#000000\">ACR\u00cdLICOS ANBYN<\/span><\/h1>\n<figure class=\"thumbnail alignnone clearfix\">\n<div class=\"row-fluid\">\n<div class=\"clear\"><\/div>\n<p style=\"margin: 11px\" align=\"center\"><span style=\"font-size: 12pt; color:#376092\"><b>COMERCIAL ANBYN ES EMPRESA L\u00cdDER EN LA DISTRIBUCI\u00d3N DE ACR\u00cdLICO EN ARGENTINA Y EN ELABORACI\u00d3N DE PIEZAS PARA LA INDUSTRIA EN GENERAL<\/b><\/span><\/p>\n<p style=\"margin: 11px\"><span style=\"font-size: 12pt; color:#000000\">Si usted est\u00e1 pensando en acr\u00edlico, desde el corte m\u00e1s peque\u00f1o hasta la pieza m\u00e1s compleja, en Acr\u00edlicos Anbyn obtendr\u00e1 la mejor respuesta.<\/span><\/p>\n<p style=\"margin: 11px\"><span style=\"font-size: 12pt; color:#000000\">El acr\u00edlico posee el m\u00e1s alto \u00edndice de transferencia lum\u00ednica, la m\u00e1xima resistencia a los agentes atmosf\u00e9ricos, es capaz de adaptarse a cualquier tipo de formas, su peso es bajo con relaci\u00f3n a materiales alternativos, es de baja conductividad t\u00e9rmica, f\u00e1cil de limpiar, manteniendo su color, brillo y tersura original a trav\u00e9s de los a\u00f1os.<\/span><\/p>\n<p style=\"margin: 11px\"><span style=\"font-size: 12pt; color:#000000\">Desde hace cuatro d\u00e9cadas brindamos soluciones a nuestros clientes, manteniendo siempre el mejor servicio. Contamos con personal altamente capacitado para la realizaci\u00f3n de trabajos especiales.<\/span><\/p>\n<\/div>\n<\/figure>\n<\/div>\n<\/div>\n<\/div>\n","protected":false},"excerpt":{"rendered":"<p>ACR\u00cdLICOS ANBYN COMERCIAL ANBYN ES EMPRESA L\u00cdDER EN LA DISTRIBUCI\u00d3N DE ACR\u00cdLICO EN ARGENTINA Y EN ELABORACI\u00d3N DE PIEZAS PARA LA INDUSTRIA EN GENERAL Si usted est\u00e1 pensando en acr\u00edlico, desde el corte m\u00e1s peque\u00f1o hasta la pieza m\u00e1s compleja, en Acr\u00edlicos Anbyn obtendr\u00e1 la mejor respuesta. El acr\u00edlico posee el m\u00e1s alto \u00edndice de transferencia lum\u00ednica, la m\u00e1xima resistencia&nbsp;<a href=\"http:\/\/anbyn.com.ar\/spa\/\" class=\"read-more\">Seguir leyendo<\/a><\/p>\n","protected":false},"author":2,"featured_media":0,"parent":0,"menu_order":0,"comment_status":"closed","ping_status":"closed","template":"page-home.php","meta":{"footnotes":""},"class_list":["post-9","page","type-page","status-publish","hentry"],"_links":{"self":[{"href":"http:\/\/anbyn.com.ar\/spa\/index.php?rest_route=\/wp\/v2\/pages\/9","targetHints":{"allow":["GET"]}}],"collection":[{"href":"http:\/\/anbyn.com.ar\/spa\/index.php?rest_route=\/wp\/v2\/pages"}],"about":[{"href":"http:\/\/anbyn.com.ar\/spa\/index.php?rest_route=\/wp\/v2\/types\/page"}],"author":[{"embeddable":true,"href":"http:\/\/anbyn.com.ar\/spa\/index.php?rest_route=\/wp\/v2\/users\/2"}],"replies":[{"embeddable":true,"href":"http:\/\/anbyn.com.ar\/spa\/index.php?rest_route=%2Fwp%2Fv2%2Fcomments&post=9"}],"version-history":[{"count":3,"href":"http:\/\/anbyn.com.ar\/spa\/index.php?rest_route=\/wp\/v2\/pages\/9\/revisions"}],"predecessor-version":[{"id":39,"href":"http:\/\/anbyn.com.ar\/spa\/index.php?rest_route=\/wp\/v2\/pages\/9\/revisions\/39"}],"wp:attachment":[{"href":"http:\/\/anbyn.com.ar\/spa\/index.php?rest_route=%2Fwp%2Fv2%2Fmedia&parent=9"}],"curies":[{"name":"wp","href":"https:\/\/api.w.org\/{rel}","templated":true}]}}